pose 103 = 3*a - 4*s, 0 = -4*a - 4*s - o + 238. What is the remainder when 120 is divided by a?
38
Suppose -34*o - 69*o + 10716 = -6176. Calculate the remainder when 411 is divided by o.
83
Calculate the remainder when 1625 is divided by 1050/(-2200)*-48 + (-2)/(-22).
15
Suppose 20*s - 12 = 17*s. What is the remainder when (-3 + 0 + s)/(9/675) is divided by 20?
15
Suppose -2*x + 548 = -2*k, -271*x + 798 = -268*x + 5*k. What is the remainder when x is divided by 79?
34
Let j(a) be the third derivative of -11*a**4/8 - 8*a**3 + 65*a**2. What is the remainder when j(-5) is divided by 20 - 0*4/12?
17
Suppose -817 = -26*c + 2630 + 973. Calculate the remainder when 970 is divided by c.
120
Let c = -9 + 12. Suppose 0 = z + 3*z, 0 = c*x - 5*z - 30. Let t(a) = -a**3 + 6*a**2 + 27*a - 10. Calculate the remainder when t(8) is divided by x.
8
Suppose -9*a + 4*a = -5*v - 760, -a + 152 = -3*v. Suppose 0 = -20*t + a + 88. Calculate the remainder when 285 is divided by t.
9
Suppose 3*k = -12, -5*m + 4*k = 27 - 83. Calculate the remainder when 56 + (5/(-10) - 11/(-2)) is divided by m.
5
Suppose -4*y + g = -26, -398*g = 3*y - 393*g - 8. Suppose -4*z + 0*z + 324 = 0. What is the remainder when z is divided by y?
3
Let q(z) = -46*z**2 - 9*z + 4. Let d be q(2). Let s = d + 520. What is the remainder when s is divided by 54?
52
Let t = 28 + -26. Suppose 6 - 2 = -2*d, -124 = -4*f - t*d. What is the remainder when 246/(-9)*18/(-4) is divided by f?
27
Calculate the remainder when 1898 is divided by 249/2241*6*21.
8
Let n = 447 - 165. Suppose -49*x + n = -43*x. Calculate the remainder when x is divided by 1*(-1 + -3)*-4.
15
Suppose -4*d - 4*g = -1732 - 1716, 0 = -d - 3*g + 854. Suppose -6*j + d = 236. What is the remainder when j is divided by 27?
24
Suppose -117*i + 33*i + 420 = 0. Let x = 103 + -309. Calculate the remainder when x/(-6) + (-2)/6 is divided by i.
4
Let c = 12047 + -11877. What is the remainder when 20229 is divided by c?
169
Let m = -631 + 624. Let i(p) = 5*p**2 + p + 15. Let u(w) = 11*w**2 + w + 29. Let b(a) = -13*i(a) + 6*u(a). Calculate the remainder when b(m) is divided by 20.
17
Let k be 49/7 + (-3)/1. Suppose -k*p - r = -25, r = p - 3*p + 13. Suppose 0 = p*a + 3*a - 18. What is the remainder when 9 is divided by a?
1
Let l(b) = 2*b**2 + 11*b + 10. Suppose -n + x = 4*n + 37, 0 = -n - x - 5. Let k be l(n). What is the remainder when k - (-9)/(-2)*(-10)/(-15) is divided by 8?
4
Let g be -81 + (3/3)/(3/15). Let n = -45 - g. Calculate the remainder when 86 is divided by n.
24
Let d = 41 - 38. Suppose s - d*v + 8*v = -5, -s - v + 3 = 0. Calculate the remainder when 55 is divided by s - -4 - (1 - -1).
6
Suppose 8*v - 5*w + 60 = 9*v, -26 = -3*v + 7*w. Suppose 0 = s + s - 12. Calculate the remainder when v is divided by s.
1
Let v(z) = -62*z + 696. Calculate the remainder when 249 is divided by v(10).
21
Suppose 4*p = -56*p + 5280. Calculate the remainder when 0/(-8) + (-1 - -2 - -436) is divided by p.
85
What is the remainder when ((-9884)/(-112) + 29)*(-3)/((-3)/8) is divided by 229?
22
Suppose -2*n + 12 = 2*n + 4*g, 5*n = 3*g + 15. Let t be (-12)/(-5)*(16/n - 2). Calculate the remainder when ((-948)/15)/(t/(-20)) is divided by 40.
38
Let c be (-90)/(-36)*104/20. Suppose 6*m = c*m - 70. What is the remainder when 106 is divided by m?
6
Let u(x) = 5*x**2 + 297*x + 878. Calculate the remainder when 71 is divided by u(-3).
7
Calculate the remainder when 2069 is divided by ((-2)/(-8)*-2)/(14/112)*-2.
5
Let x(o) = 11*o**2 - 49*o + 283. Suppose -3*y + n + 20 = 0, 47*n + 6 = y + 46*n. What is the remainder when x(y) is divided by 30?
29
Suppose -105*t = -43*t - 1488. Calculate the remainder when ((-345)/(-8) - 0) + 7/(-56) is divided by t.
19
Suppose 4*o = i + 986, 4*o = 2*o + i + 494. Let h = 279 - o. What is the remainder when 227 is divided by h?
29
Let u = -1123 - -1136. Suppose 1 + 3 = 2*w. Suppose w*p - 3*x - 137 = 0, x = -2*p + 8 + 109. Calculate the remainder when p is divided by u.
9
Let o(a) = 2*a**2 - 50*a + 212. Let q be o(34). Let n = q - 770. What is the remainder when 157 is divided by n?
49
Let w(h) = 3*h**2 - 4*h - 2. Let k be w(2). What is the remainder when 54 is divided by k - 48/22 - 123/(-11)?
10
Let z = 135 + -135. Let o(q) = -q**3 + 8*q + 10. Calculate the remainder when 17 is divided by o(z).
7
Suppose 2*f + 3*y = 119, -3*f + 4*y = -6*f + 176. Suppose -2*g - 10 = -f. What is the remainder when g is divided by 3?
0
Suppose 5*q = 14*q - 468. Let a = q + -54. Calculate the remainder when 5 is divided by ((-2 + a)/2)/(3/(-3)).
1
Let t(a) = 440*a + 7941. Calculate the remainder when 732 is divided by t(-18).
18
Let t(z) = 11*z**2 - 116. Let a be t(11). Suppose -10 = h + 4*h, 4*w + 2*h = 356. What is the remainder when w is divided by (a/(-39) - (-40)/260)/(-1)?
28
Let w(f) = 5*f**2 + 7*f + 1. Suppose 4*b + 154 = 10. Let q = b + 31. What is the remainder when w(q) is divided by 24?
19
Suppose 1232 = -3*h - n, -4*h - 4*n - 1667 = -11. Let i = h + 675. Calculate the remainder when i is divided by 34.
28
Let o(b) = -16*b - 31 - 17 + 12*b. Let d be o(6). Let h = d - -77. Calculate the remainder when 18 is divided by h.
3
Let x(h) = -9*h - 1352. What is the remainder when x(-152) is divided by 24/9 - 1/(-3)?
1
Let b be 3 - 1*7/(35/(-290)). Suppose -3*w = 2*v - b, 27*v + w - 172 = 22*v. What is the remainder when v is divided by 25?
10
Suppose k + 4*k = -100. Let d = k + 30. Suppose 0 = -3*y - 5*n + 256, -y - 195*n + 69 = -191*n. Calculate the remainder when y is divided by d.
7
Suppose 0 = 4*x - 0*x - 3*w - 29, 0 = 2*w - 10. Suppose -2*m = -9*m + 234 + 984. What is the remainder when m is divided by x?
9
Suppose -629 = 3*v - 2*u, -3*u - 10 = 5. Let g = v - -244. Suppose 0*n = -4*n + 68. Calculate the remainder when g is divided by n.
14
Let x = 13531 - 12896. Calculate the remainder when x is divided by 112.
75
Let g(p) = -6*p**3 + 3*p**2 + 10*p + 4. Let u be 2/7*(-35)/(-5). Suppose 2*i = -u*i + 872. What is the remainder when i is divided by g(-2)?
42
Let k = 22559 + -22487. Calculate the remainder when 78 is divided by k.
6
Suppose -23*g - 13 + 105 = 0. Suppose -5*b - 8 = -b, -4*f = g*b - 488. Calculate the remainder when f is divided by 13.
7
Let y(z) = -z**3 - 18*z**2 - 57*z - 161. Let b(t) = -451*t + 3. Calculate the remainder when b(-1) is divided by y(-15).
17
What is the remainder when 24056 is divided by (50 + -51)/(1/(-33))?
32
Suppose 3326 = 37*p + 1180. Calculate the remainder when 4581 is divided by p.
57
Let w(j) = 6*j**2 + 4*j + 2. Let b be w(-2). Calculate the remainder when 16/2*(-2 + 57/8) is divided by (-4)/3*(-189)/b.
13
Let p = 197 - 185. Suppose -928 = -20*k + p*k. Calculate the remainder when k is divided by 20.
16
Suppose 4*k + 5*o - 4465 = -0*o, 5*k - 5560 = -2*o. What is the remainder when k is divided by 86?
78
Let g(v) be the third derivative of 13*v**4/24 - 5*v**3/6 - 40*v**2. Let l be g(2). Suppose -2*c + l = -25. Calculate the remainder when 160 is divided by c.
22
Let s = 7 - -6. What is the remainder when 281 is divided by s?
8
Let h = 169 + -104. Suppose -67*w = -h*w - 82. Calculate the remainder when w is divided by 23.
18
Suppose 155*x = 153*x. Suppose l + 4*f - 5 = x, 4*l + f - 120 = -l. Let s = 96 - 82. Calculate the remainder when l is divided by s.
11
Suppose 4*s - 25 = -5*f + 39, 3*s = -12. Suppose -2*o + 3*r = -18, f = o - 2*r - 3*r. Calculate the remainder when 16 is divided by o.
4
Let i = 26166 - 26076. Calculate the remainder when 200 is divided by i.
20
Suppose -2*p + 4*p = 28. What is the remainder when (-40)/(-2)*324/270 - (13 - 10) is divided by p?
7
Suppose -3*l + 0*l = -2*z + 5, -4*z + 55 = 3*l. Suppose -83 = -5*n + 4*a, -5 = -3*a + 4. What is the remainder when n is divided by z?
9
Let m be (1 - -41)*(-40)/(-12). Let s(k) = -10*k**3 - 5*k**2 - 12*k - 25. Let c be s(-3). Let d = c - m. What is the remainder when d is divided by 33?
30
Let o = 24093 - 24021. Calculate the remainder when 871 is divided by o.
7
Calculate the remainder when 1274 is divided by (0 + -2 - (-198)/77)/((-164)/(-16646)).
56
Suppose -2915 - 4534 = -13*d. Let t = 715 - d. Calculate the remainder when t is divided by 18.
16
Let k(h) = h**2 + 3*h - 5. Let a be (12/(-1))/(9/(-6)). Suppose 5*d - 93 + 30 = -w, -3*d = 4*w - 4